{"id":39274,"date":"2026-08-26T13:01:40","date_gmt":"2026-08-26T11:01:40","guid":{"rendered":"https:\/\/warsztatykultury.pl\/wydarzenia\/tymon-tymanski-yasstet-with-the-cmonk-album-outdoor-concert\/"},"modified":"2026-08-26T13:01:40","modified_gmt":"2026-08-26T11:01:40","slug":"tymon-tymanski-yasstet-with-the-cmonk-album-outdoor-concert","status":"publish","type":"mec-events","link":"https:\/\/warsztatykultury.pl\/en\/wydarzenia\/tymon-tymanski-yasstet-with-the-cmonk-album-outdoor-concert\/","title":{"rendered":"Tymon Tyma\u0144ski Yasstet with the \u201cC&#8217;Monk!\u201d album | outdoor concert"},"content":{"rendered":"<h2>About<\/h2>\n<p><strong>Tymon Tyma\u0144ski has been slipping out of musical labels for years. Last year, he returned to his yass roots and took on the music of Thelonious Monk, creating his own interpretation of it together with the Yasstet band. On Sunday, September 6, the artists will perform material from the \u201cC\u2019Monk!\u201d album live.<\/strong><\/p>\n<p>To say that Tymon Tyma\u0144ski is an artist with many faces is still an understatement. Over the years, he has explored such musical genres as jazz and yass, rock and alternative music in the broadest sense, sonic avant-garde, and finally theatre and film music. On top of that, he is active as a writer, director, screenwriter, and a natural-born storyteller.<\/p>\n<p>In his new project, Tymon Tyma\u0144ski Yasstet continues the musical ideas previously represented by groups such as Mi\u0142o\u015b\u0107 and Tyma\u0144ski Yass Ensemble, while also taking on the music of his beloved Thelonious Monk. This fascination resulted in the album \u201cC&#8217;Monk!\u201d, released by S7 Records in 2025. It is an original take on the work of the legendary American jazz musician, presented by a superb collective of musicians from the Tri-City area. Alongside Tymon himself, Yasstet features outstanding instrumentalists: saxophonist and bass clarinetist Ireneusz Wojtczak, trumpeter and music producer Tomasz Zi\u0119tek, pianist Szymon Burnos, and drummer Jacek Pro\u015bci\u0144ski.<\/p>\n<div class=\"video-shortcode\"><iframe class=\"fusion-hidden\" data-privacy-type=\"youtube\" src=\"\" title=\"Thelonious\" width=\"1333\" height=\"1000\" data-privacy-src=\"https:\/\/www.youtube.com\/embed\/fDBhsABobXE?feature=oembed\" frameborder=\"0\" allow=\"accelerometer; autoplay; clipboard-write; encrypted-media; gyroscope; picture-in-picture; web-share\" referrerpolicy=\"strict-origin-when-cross-origin\" allowfullscreen><\/iframe><div class=\"fusion-privacy-placeholder\" style=\"width:1333px; height:1000px;\" data-privacy-type=\"youtube\"><div class=\"fusion-privacy-placeholder-content\"><div class=\"fusion-privacy-label\">For privacy reasons YouTube needs your permission to be loaded. For more details, please see our <a class=\"privacy-policy-link\" href=\"https:\/\/warsztatykultury.pl\/pl\/polityka-prywatnosci\/\" rel=\"privacy-policy\">Polityka prywatno\u015bci<\/a>.<\/div><a href=\"\" data-privacy-type=\"youtube\" class=\"fusion-button button-default fusion-button-default-size button fusion-privacy-consent\">I Accept<\/a><\/div><\/div><\/div>\n<h2>Details<\/h2>\n<p><strong>When:<\/strong> September 6, 2026 (Sunday), 18.00<br \/>\n<strong>Where:<\/strong> Workshops of Culture in Lublin, Grodzka 7, patio<br \/>\n<strong>For:<\/strong> music lovers<br \/>\n<strong>Admission free<\/strong><\/p>\n<h2>Accessibility<\/h2>\n<ul>\n<li>Find out how to get here \u2013 <a href=\"https:\/\/youtu.be\/LeUwllTTSP0\" target=\"_blank\" rel=\"noopener\"><strong>watch the video<\/strong><\/a>.<\/li>\n<li><a href=\"https:\/\/warsztatykultury.pl\/dostepnosc-wk\"><strong>Read the basic information about the accessibility of Workshops of Culture.<\/strong><\/a><\/li>\n<li>Your individual accessibility needs related to participation in events organised by Workshops of Culture: <a href=\"https:\/\/forms.gle\/h9h1Pymro8BPd3hi9\"><strong>fill in the form<\/strong><\/a>.<\/li>\n<\/ul>\n<p><em>The event is part of the RE:UNION Federation project (European Capital of Culture Lublin 2029), which carries out activities aimed at motivating local communities to actively co-create and participate in cultural life and volunteering.<\/em><\/p>\n","protected":false},"excerpt":{"rendered":"<p>About Tymon Tyma\u0144ski has been slipping out of musical labels [&hellip;]<\/p>\n","protected":false},"author":22,"featured_media":39222,"comment_status":"closed","ping_status":"closed","template":"","meta":{"_acf_changed":false,"ngg_post_thumbnail":0},"tags":[496],"mec_category":[482],"class_list":["post-39274","mec-events","type-mec-events","status-publish","has-post-thumbnail","hentry","tag-muzyka-en","mec_category-culture-at-weekends"],"acf":[],"yoast_head":"<!-- This site is optimized with the Yoast SEO plugin v22.0 - https:\/\/yoast.com\/wordpress\/plugins\/seo\/ -->\n<title>Tymon Tyma\u0144ski Yasstet with the \u201cC&#039;Monk!\u201d album | outdoor concert - Warsztaty Kultury<\/title>\n<meta name=\"robots\" content=\"index, follow, max-snippet:-1, max-image-preview:large, max-video-preview:-1\" \/>\n<link rel=\"canonical\" href=\"https:\/\/warsztatykultury.pl\/pl\/wydarzenia\/tymon-tymanski-yasstet-z-plyta-cmonk-koncert-plenerowy\/\" \/>\n<meta property=\"og:locale\" content=\"en_US\" \/>\n<meta property=\"og:type\" content=\"article\" \/>\n<meta property=\"og:title\" content=\"Tymon Tyma\u0144ski Yasstet with the \u201cC&#039;Monk!\u201d album | outdoor concert - Warsztaty Kultury\" \/>\n<meta property=\"og:description\" content=\"About Tymon Tyma\u0144ski has been slipping out of musical labels [&hellip;]\" \/>\n<meta property=\"og:url\" content=\"https:\/\/warsztatykultury.pl\/pl\/wydarzenia\/tymon-tymanski-yasstet-z-plyta-cmonk-koncert-plenerowy\/\" \/>\n<meta property=\"og:site_name\" content=\"Warsztaty Kultury\" \/>\n<meta property=\"article:publisher\" content=\"https:\/\/www.facebook.com\/WarsztatyKultury\/\" \/>\n<meta property=\"og:image\" content=\"https:\/\/warsztatykultury.pl\/wp-content\/uploads\/2026\/08\/tymon_tyma_c5_84ski_prawie_hd.jpg\" \/>\n\t<meta property=\"og:image:width\" content=\"1920\" \/>\n\t<meta property=\"og:image:height\" content=\"1005\" \/>\n\t<meta property=\"og:image:type\" content=\"image\/jpeg\" \/>\n<meta name=\"twitter:card\" content=\"summary_large_image\" \/>\n<meta name=\"twitter:label1\" content=\"Est. reading time\" \/>\n\t<meta name=\"twitter:data1\" content=\"2 minutes\" \/>\n<script type=\"application\/ld+json\" class=\"yoast-schema-graph\">{\"@context\":\"https:\/\/schema.org\",\"@graph\":[{\"@type\":\"WebPage\",\"@id\":\"https:\/\/warsztatykultury.pl\/pl\/wydarzenia\/tymon-tymanski-yasstet-z-plyta-cmonk-koncert-plenerowy\/\",\"url\":\"https:\/\/warsztatykultury.pl\/pl\/wydarzenia\/tymon-tymanski-yasstet-z-plyta-cmonk-koncert-plenerowy\/\",\"name\":\"Tymon Tyma\u0144ski Yasstet with the \u201cC'Monk!\u201d album | outdoor concert - Warsztaty Kultury\",\"isPartOf\":{\"@id\":\"https:\/\/warsztatykultury.pl\/pl\/#website\"},\"datePublished\":\"2026-08-26T11:01:40+00:00\",\"dateModified\":\"2026-08-26T11:01:40+00:00\",\"breadcrumb\":{\"@id\":\"https:\/\/warsztatykultury.pl\/pl\/wydarzenia\/tymon-tymanski-yasstet-z-plyta-cmonk-koncert-plenerowy\/#breadcrumb\"},\"inLanguage\":\"en-US\",\"potentialAction\":[{\"@type\":\"ReadAction\",\"target\":[\"https:\/\/warsztatykultury.pl\/pl\/wydarzenia\/tymon-tymanski-yasstet-z-plyta-cmonk-koncert-plenerowy\/\"]}]},{\"@type\":\"BreadcrumbList\",\"@id\":\"https:\/\/warsztatykultury.pl\/pl\/wydarzenia\/tymon-tymanski-yasstet-z-plyta-cmonk-koncert-plenerowy\/#breadcrumb\",\"itemListElement\":[{\"@type\":\"ListItem\",\"position\":1,\"name\":\"Strona g\u0142\u00f3wna\",\"item\":\"https:\/\/warsztatykultury.pl\/pl\/\"},{\"@type\":\"ListItem\",\"position\":2,\"name\":\"Events\",\"item\":\"https:\/\/warsztatykultury.pl\/en\/wydarzenia\/\"},{\"@type\":\"ListItem\",\"position\":3,\"name\":\"Tymon Tyma\u0144ski Yasstet with the \u201cC&#8217;Monk!\u201d album | outdoor concert\"}]},{\"@type\":\"WebSite\",\"@id\":\"https:\/\/warsztatykultury.pl\/pl\/#website\",\"url\":\"https:\/\/warsztatykultury.pl\/pl\/\",\"name\":\"Warsztaty Kultury\",\"description\":\"\",\"publisher\":{\"@id\":\"https:\/\/warsztatykultury.pl\/pl\/#organization\"},\"potentialAction\":[{\"@type\":\"SearchAction\",\"target\":{\"@type\":\"EntryPoint\",\"urlTemplate\":\"https:\/\/warsztatykultury.pl\/pl\/?s={search_term_string}\"},\"query-input\":\"required name=search_term_string\"}],\"inLanguage\":\"en-US\"},{\"@type\":\"Organization\",\"@id\":\"https:\/\/warsztatykultury.pl\/pl\/#organization\",\"name\":\"Warsztaty Kultury w Lublinie\",\"url\":\"https:\/\/warsztatykultury.pl\/pl\/\",\"logo\":{\"@type\":\"ImageObject\",\"inLanguage\":\"en-US\",\"@id\":\"https:\/\/warsztatykultury.pl\/pl\/#\/schema\/logo\/image\/\",\"url\":\"https:\/\/warsztatykultury.pl\/wp-content\/uploads\/2020\/05\/LogoWKRetina-e1589382721171.png\",\"contentUrl\":\"https:\/\/warsztatykultury.pl\/wp-content\/uploads\/2020\/05\/LogoWKRetina-e1589382721171.png\",\"width\":700,\"height\":112,\"caption\":\"Warsztaty Kultury w Lublinie\"},\"image\":{\"@id\":\"https:\/\/warsztatykultury.pl\/pl\/#\/schema\/logo\/image\/\"},\"sameAs\":[\"https:\/\/www.facebook.com\/WarsztatyKultury\/\",\"https:\/\/www.instagram.com\/warsztatykultury\/?hl=pl\",\"https:\/\/www.youtube.com\/user\/WarsztatyKultury\",\"https:\/\/pl.wikipedia.org\/wiki\/Warsztaty_Kultury\"]}]}<\/script>\n<!-- \/ Yoast SEO plugin. -->","yoast_head_json":{"title":"Tymon Tyma\u0144ski Yasstet with the \u201cC'Monk!\u201d album | outdoor concert - Warsztaty Kultury","robots":{"index":"index","follow":"follow","max-snippet":"max-snippet:-1","max-image-preview":"max-image-preview:large","max-video-preview":"max-video-preview:-1"},"canonical":"https:\/\/warsztatykultury.pl\/pl\/wydarzenia\/tymon-tymanski-yasstet-z-plyta-cmonk-koncert-plenerowy\/","og_locale":"en_US","og_type":"article","og_title":"Tymon Tyma\u0144ski Yasstet with the \u201cC'Monk!\u201d album | outdoor concert - Warsztaty Kultury","og_description":"About Tymon Tyma\u0144ski has been slipping out of musical labels [&hellip;]","og_url":"https:\/\/warsztatykultury.pl\/pl\/wydarzenia\/tymon-tymanski-yasstet-z-plyta-cmonk-koncert-plenerowy\/","og_site_name":"Warsztaty Kultury","article_publisher":"https:\/\/www.facebook.com\/WarsztatyKultury\/","og_image":[{"width":1920,"height":1005,"url":"https:\/\/warsztatykultury.pl\/wp-content\/uploads\/2026\/08\/tymon_tyma_c5_84ski_prawie_hd.jpg","type":"image\/jpeg"}],"twitter_card":"summary_large_image","twitter_misc":{"Est. reading time":"2 minutes"},"schema":{"@context":"https:\/\/schema.org","@graph":[{"@type":"WebPage","@id":"https:\/\/warsztatykultury.pl\/pl\/wydarzenia\/tymon-tymanski-yasstet-z-plyta-cmonk-koncert-plenerowy\/","url":"https:\/\/warsztatykultury.pl\/pl\/wydarzenia\/tymon-tymanski-yasstet-z-plyta-cmonk-koncert-plenerowy\/","name":"Tymon Tyma\u0144ski Yasstet with the \u201cC'Monk!\u201d album | outdoor concert - Warsztaty Kultury","isPartOf":{"@id":"https:\/\/warsztatykultury.pl\/pl\/#website"},"datePublished":"2026-08-26T11:01:40+00:00","dateModified":"2026-08-26T11:01:40+00:00","breadcrumb":{"@id":"https:\/\/warsztatykultury.pl\/pl\/wydarzenia\/tymon-tymanski-yasstet-z-plyta-cmonk-koncert-plenerowy\/#breadcrumb"},"inLanguage":"en-US","potentialAction":[{"@type":"ReadAction","target":["https:\/\/warsztatykultury.pl\/pl\/wydarzenia\/tymon-tymanski-yasstet-z-plyta-cmonk-koncert-plenerowy\/"]}]},{"@type":"BreadcrumbList","@id":"https:\/\/warsztatykultury.pl\/pl\/wydarzenia\/tymon-tymanski-yasstet-z-plyta-cmonk-koncert-plenerowy\/#breadcrumb","itemListElement":[{"@type":"ListItem","position":1,"name":"Strona g\u0142\u00f3wna","item":"https:\/\/warsztatykultury.pl\/pl\/"},{"@type":"ListItem","position":2,"name":"Events","item":"https:\/\/warsztatykultury.pl\/en\/wydarzenia\/"},{"@type":"ListItem","position":3,"name":"Tymon Tyma\u0144ski Yasstet with the \u201cC&#8217;Monk!\u201d album | outdoor concert"}]},{"@type":"WebSite","@id":"https:\/\/warsztatykultury.pl\/pl\/#website","url":"https:\/\/warsztatykultury.pl\/pl\/","name":"Warsztaty Kultury","description":"","publisher":{"@id":"https:\/\/warsztatykultury.pl\/pl\/#organization"},"potentialAction":[{"@type":"SearchAction","target":{"@type":"EntryPoint","urlTemplate":"https:\/\/warsztatykultury.pl\/pl\/?s={search_term_string}"},"query-input":"required name=search_term_string"}],"inLanguage":"en-US"},{"@type":"Organization","@id":"https:\/\/warsztatykultury.pl\/pl\/#organization","name":"Warsztaty Kultury w Lublinie","url":"https:\/\/warsztatykultury.pl\/pl\/","logo":{"@type":"ImageObject","inLanguage":"en-US","@id":"https:\/\/warsztatykultury.pl\/pl\/#\/schema\/logo\/image\/","url":"https:\/\/warsztatykultury.pl\/wp-content\/uploads\/2020\/05\/LogoWKRetina-e1589382721171.png","contentUrl":"https:\/\/warsztatykultury.pl\/wp-content\/uploads\/2020\/05\/LogoWKRetina-e1589382721171.png","width":700,"height":112,"caption":"Warsztaty Kultury w Lublinie"},"image":{"@id":"https:\/\/warsztatykultury.pl\/pl\/#\/schema\/logo\/image\/"},"sameAs":["https:\/\/www.facebook.com\/WarsztatyKultury\/","https:\/\/www.instagram.com\/warsztatykultury\/?hl=pl","https:\/\/www.youtube.com\/user\/WarsztatyKultury","https:\/\/pl.wikipedia.org\/wiki\/Warsztaty_Kultury"]}]}},"_links":{"self":[{"href":"https:\/\/warsztatykultury.pl\/en\/wp-json\/wp\/v2\/mec-events\/39274","targetHints":{"allow":["GET"]}}],"collection":[{"href":"https:\/\/warsztatykultury.pl\/en\/wp-json\/wp\/v2\/mec-events"}],"about":[{"href":"https:\/\/warsztatykultury.pl\/en\/wp-json\/wp\/v2\/types\/mec-events"}],"author":[{"embeddable":true,"href":"https:\/\/warsztatykultury.pl\/en\/wp-json\/wp\/v2\/users\/22"}],"replies":[{"embeddable":true,"href":"https:\/\/warsztatykultury.pl\/en\/wp-json\/wp\/v2\/comments?post=39274"}],"wp:featuredmedia":[{"embeddable":true,"href":"https:\/\/warsztatykultury.pl\/en\/wp-json\/wp\/v2\/media\/39222"}],"wp:attachment":[{"href":"https:\/\/warsztatykultury.pl\/en\/wp-json\/wp\/v2\/media?parent=39274"}],"wp:term":[{"taxonomy":"post_tag","embeddable":true,"href":"https:\/\/warsztatykultury.pl\/en\/wp-json\/wp\/v2\/tags?post=39274"},{"taxonomy":"mec_category","embeddable":true,"href":"https:\/\/warsztatykultury.pl\/en\/wp-json\/wp\/v2\/mec_category?post=39274"}],"curies":[{"name":"wp","href":"https:\/\/api.w.org\/{rel}","templated":true}]}}

Tymon Tymański Yasstet with the “C&#8217;Monk!” album | outdoor concert

<h2>About</h2>
<p><strong>Tymon Tymański has been slipping out of musical labels for years. Last year, he returned to his yass roots and took on the music of Thelonious Monk, creating his own interpretation of it together with the Yasstet band. On Sunday, September 6, the artists will perform material from the “C’Monk!” album live.</strong></p>
<p>To say that Tymon Tymański is an artist with many faces is still an understatement. Over the years, he has explored such musical genres as jazz and yass, rock and alternative music in the broadest sense, sonic avant-garde, and finally theatre and film music. On top of that, he is active as a writer, director, screenwriter, and a natural-born storyteller.</p>
<p>In his new project, Tymon Tymański Yasstet continues the musical ideas previously represented by groups such as Miłość and Tymański Yass Ensemble, while also taking on the music of his beloved Thelonious Monk. This fascination resulted in the album “C&#8217;Monk!”, released by S7 Records in 2025. It is an original take on the work of the legendary American jazz musician, presented by a superb collective of musicians from the Tri-City area. Alongside Tymon himself, Yasstet features outstanding instrumentalists: saxophonist and bass clarinetist Ireneusz Wojtczak, trumpeter and music producer Tomasz Ziętek, pianist Szymon Burnos, and drummer Jacek Prościński.</p>
<div class="video-shortcode"><iframe class="fusion-hidden" data-privacy-type="youtube" src="" title="Thelonious" width="1333" height="1000" data-privacy-src="https://www.youtube.com/embed/fDBhsABobXE?feature=oembed" frameborder="0" allow="accelerometer; autoplay; clipboard-write; encrypted-media; gyroscope; picture-in-picture; web-share" referrerpolicy="strict-origin-when-cross-origin" allowfullscreen></iframe><div class="fusion-privacy-placeholder" style="width:1333px; height:1000px;" data-privacy-type="youtube"><div class="fusion-privacy-placeholder-content"><div class="fusion-privacy-label">For privacy reasons YouTube needs your permission to be loaded. For more details, please see our <a class="privacy-policy-link" href="https://warsztatykultury.pl/pl/polityka-prywatnosci/" rel="privacy-policy">Polityka prywatności</a>.</div><a href="" data-privacy-type="youtube" class="fusion-button button-default fusion-button-default-size button fusion-privacy-consent">I Accept</a></div></div></div>
<h2>Details</h2>
<p><strong>When:</strong> September 6, 2026 (Sunday), 18.00<br />
<strong>Where:</strong> Workshops of Culture in Lublin, Grodzka 7, patio<br />
<strong>For:</strong> music lovers<br />
<strong>Admission free</strong></p>
<h2>Accessibility</h2>
<ul>
<li>Find out how to get here – <a href="https://youtu.be/LeUwllTTSP0" target="_blank" rel="noopener"><strong>watch the video</strong></a>.</li>
<li><a href="https://warsztatykultury.pl/dostepnosc-wk"><strong>Read the basic information about the accessibility of Workshops of Culture.</strong></a></li>
<li>Your individual accessibility needs related to participation in events organised by Workshops of Culture: <a href="https://forms.gle/h9h1Pymro8BPd3hi9"><strong>fill in the form</strong></a>.</li>
</ul>
<p><em>The event is part of the RE:UNION Federation project (European Capital of Culture Lublin 2029), which carries out activities aimed at motivating local communities to actively co-create and participate in cultural life and volunteering.</em></p>

<p>About Tymon Tymański has been slipping out of musical labels [&hellip;]</p>

<!-- This site is optimized with the Yoast SEO plugin v22.0 - https://yoast.com/wordpress/plugins/seo/ -->
<title>Tymon Tymański Yasstet with the “C&#039;Monk!” album | outdoor concert - Warsztaty Kultury</title>
<meta name="robots" content="index, follow, max-snippet:-1, max-image-preview:large, max-video-preview:-1" />
<link rel="canonical" href="https://warsztatykultury.pl/pl/wydarzenia/tymon-tymanski-yasstet-z-plyta-cmonk-koncert-plenerowy/" />
<meta property="og:locale" content="en_US" />
<meta property="og:type" content="article" />
<meta property="og:title" content="Tymon Tymański Yasstet with the “C&#039;Monk!” album | outdoor concert - Warsztaty Kultury" />
<meta property="og:description" content="About Tymon Tymański has been slipping out of musical labels [&hellip;]" />
<meta property="og:url" content="https://warsztatykultury.pl/pl/wydarzenia/tymon-tymanski-yasstet-z-plyta-cmonk-koncert-plenerowy/" />
<meta property="og:site_name" content="Warsztaty Kultury" />
<meta property="article:publisher" content="https://www.facebook.com/WarsztatyKultury/" />
<meta property="og:image" content="https://warsztatykultury.pl/wp-content/uploads/2026/08/tymon_tyma_c5_84ski_prawie_hd.jpg" />
	<meta property="og:image:width" content="1920" />
	<meta property="og:image:height" content="1005" />
	<meta property="og:image:type" content="image/jpeg" />
<meta name="twitter:card" content="summary_large_image" />
<meta name="twitter:label1" content="Est. reading time" />
	<meta name="twitter:data1" content="2 minutes" />
<script type="application/ld+json" class="yoast-schema-graph">{"@context":"https://schema.org","@graph":[{"@type":"WebPage","@id":"https://warsztatykultury.pl/pl/wydarzenia/tymon-tymanski-yasstet-z-plyta-cmonk-koncert-plenerowy/","url":"https://warsztatykultury.pl/pl/wydarzenia/tymon-tymanski-yasstet-z-plyta-cmonk-koncert-plenerowy/","name":"Tymon Tymański Yasstet with the “C'Monk!” album | outdoor concert - Warsztaty Kultury","isPartOf":{"@id":"https://warsztatykultury.pl/pl/#website"},"datePublished":"2026-08-26T11:01:40+00:00","dateModified":"2026-08-26T11:01:40+00:00","breadcrumb":{"@id":"https://warsztatykultury.pl/pl/wydarzenia/tymon-tymanski-yasstet-z-plyta-cmonk-koncert-plenerowy/#breadcrumb"},"inLanguage":"en-US","potentialAction":[{"@type":"ReadAction","target":["https://warsztatykultury.pl/pl/wydarzenia/tymon-tymanski-yasstet-z-plyta-cmonk-koncert-plenerowy/"]}]},{"@type":"BreadcrumbList","@id":"https://warsztatykultury.pl/pl/wydarzenia/tymon-tymanski-yasstet-z-plyta-cmonk-koncert-plenerowy/#breadcrumb","itemListElement":[{"@type":"ListItem","position":1,"name":"Strona główna","item":"https://warsztatykultury.pl/pl/"},{"@type":"ListItem","position":2,"name":"Events","item":"https://warsztatykultury.pl/en/wydarzenia/"},{"@type":"ListItem","position":3,"name":"Tymon Tymański Yasstet with the “C&#8217;Monk!” album | outdoor concert"}]},{"@type":"WebSite","@id":"https://warsztatykultury.pl/pl/#website","url":"https://warsztatykultury.pl/pl/","name":"Warsztaty Kultury","description":"","publisher":{"@id":"https://warsztatykultury.pl/pl/#organization"},"potentialAction":[{"@type":"SearchAction","target":{"@type":"EntryPoint","urlTemplate":"https://warsztatykultury.pl/pl/?s={search_term_string}"},"query-input":"required name=search_term_string"}],"inLanguage":"en-US"},{"@type":"Organization","@id":"https://warsztatykultury.pl/pl/#organization","name":"Warsztaty Kultury w Lublinie","url":"https://warsztatykultury.pl/pl/","logo":{"@type":"ImageObject","inLanguage":"en-US","@id":"https://warsztatykultury.pl/pl/#/schema/logo/image/","url":"https://warsztatykultury.pl/wp-content/uploads/2020/05/LogoWKRetina-e1589382721171.png","contentUrl":"https://warsztatykultury.pl/wp-content/uploads/2020/05/LogoWKRetina-e1589382721171.png","width":700,"height":112,"caption":"Warsztaty Kultury w Lublinie"},"image":{"@id":"https://warsztatykultury.pl/pl/#/schema/logo/image/"},"sameAs":["https://www.facebook.com/WarsztatyKultury/","https://www.instagram.com/warsztatykultury/?hl=pl","https://www.youtube.com/user/WarsztatyKultury","https://pl.wikipedia.org/wiki/Warsztaty_Kultury"]}]}</script>
<!-- / Yoast SEO plugin. -->

Tymon Tymański Yasstet with the “C'Monk!” album | outdoor concert - Warsztaty Kultury

About Tymon Tymański has been slipping out of musical labels [&hellip;]

Strona główna
